{"version":"1.0","provider_name":"IFTLM - Diagnostic biom\u00e9dical et recherche m\u00e9dicale","provider_url":"https:\/\/www.iftlm.fr\/en\/","author_name":"vperrachon","author_url":"https:\/\/www.iftlm.fr\/en\/author\/vperrachon\/","title":"Gr\u00e9gory Woimb\u00e9e appointed Rector of UCLy - IFTLM - Diagnostic biom\u00e9dical et recherche m\u00e9dicale","type":"rich","width":600,"height":338,"html":"<blockquote class=\"wp-embedded-content\" data-secret=\"UeQ7Bo1XRE\"><a href=\"https:\/\/www.iftlm.fr\/en\/gregory-woimbee-appointed-rector-of-ucly\/\">Gr\u00e9gory Woimb\u00e9e appointed Rector of UCLy<\/a><\/blockquote><iframe sandbox=\"allow-scripts\" security=\"restricted\" src=\"https:\/\/www.iftlm.fr\/en\/gregory-woimbee-appointed-rector-of-ucly\/embed\/#?secret=UeQ7Bo1XRE\" width=\"600\" height=\"338\" title=\"&#8220;Gr\u00e9gory Woimb\u00e9e appointed Rector of UCLy&#8221; &#8212; IFTLM - Diagnostic biom\u00e9dical et recherche m\u00e9dicale\" data-secret=\"UeQ7Bo1XRE\" frameborder=\"0\" marginwidth=\"0\" marginheight=\"0\" scrolling=\"no\" class=\"wp-embedded-content\"><\/iframe><script type=\"text\/javascript\">\n\/* <![CDATA[ *\/\n\/*! This file is auto-generated *\/\n!function(d,l){\"use strict\";l.querySelector&&d.addEventListener&&\"undefined\"!=typeof URL&&(d.wp=d.wp||{},d.wp.receiveEmbedMessage||(d.wp.receiveEmbedMessage=function(e){var t=e.data;if((t||t.secret||t.message||t.value)&&!\/[^a-zA-Z0-9]\/.test(t.secret)){for(var s,r,n,a=l.querySelectorAll('iframe[data-secret=\"'+t.secret+'\"]'),o=l.querySelectorAll('blockquote[data-secret=\"'+t.secret+'\"]'),c=new RegExp(\"^https?:$\",\"i\"),i=0;i<o.length;i++)o[i].style.display=\"none\";for(i=0;i<a.length;i++)s=a[i],e.source===s.contentWindow&&(s.removeAttribute(\"style\"),\"height\"===t.message?(1e3<(r=parseInt(t.value,10))?r=1e3:~~r<200&&(r=200),s.height=r):\"link\"===t.message&&(r=new URL(s.getAttribute(\"src\")),n=new URL(t.value),c.test(n.protocol))&&n.host===r.host&&l.activeElement===s&&(d.top.location.href=t.value))}},d.addEventListener(\"message\",d.wp.receiveEmbedMessage,!1),l.addEventListener(\"DOMContentLoaded\",function(){for(var e,t,s=l.querySelectorAll(\"iframe.wp-embedded-content\"),r=0;r<s.length;r++)(t=(e=s[r]).getAttribute(\"data-secret\"))||(t=Math.random().toString(36).substring(2,12),e.src+=\"#?secret=\"+t,e.setAttribute(\"data-secret\",t)),e.contentWindow.postMessage({message:\"ready\",secret:t},\"*\")},!1)))}(window,document);\n\/* ]]> *\/\n<\/script>\n","thumbnail_url":"https:\/\/www.iftlm.fr\/wp-content\/uploads\/sites\/27\/2024\/07\/gregorywoimbee2.jpg","thumbnail_width":367,"thumbnail_height":550,"description":"Professor Gr\u00e9gory WOIMB\u00c9E, Doctor of History and Theology, has been appointed the new Rector of UCLy. He will take up his post on July 1, 2024."}

IFTLM - Diagnostic biomédical et recherche médicale

Grégory Woimbée appointed Rector of UCLy - IFTLM - Diagnostic biomédical et recherche médicale

<blockquote class="wp-embedded-content" data-secret="UeQ7Bo1XRE"><a href="https://www.iftlm.fr/en/gregory-woimbee-appointed-rector-of-ucly/">Grégory Woimbée appointed Rector of UCLy</a></blockquote><iframe sandbox="allow-scripts" security="restricted" src="https://www.iftlm.fr/en/gregory-woimbee-appointed-rector-of-ucly/embed/#?secret=UeQ7Bo1XRE" width="600" height="338" title="&#8220;Grégory Woimbée appointed Rector of UCLy&#8221; &#8212; IFTLM - Diagnostic biomédical et recherche médicale" data-secret="UeQ7Bo1XRE" frameborder="0" marginwidth="0" marginheight="0" scrolling="no" class="wp-embedded-content"></iframe><script type="text/javascript">
/* <![CDATA[ */
/*! This file is auto-generated */
!function(d,l){"use strict";l.querySelector&&d.addEventListener&&"undefined"!=typeof URL&&(d.wp=d.wp||{},d.wp.receiveEmbedMessage||(d.wp.receiveEmbedMessage=function(e){var t=e.data;if((t||t.secret||t.message||t.value)&&!/[^a-zA-Z0-9]/.test(t.secret)){for(var s,r,n,a=l.querySelectorAll('iframe[data-secret="'+t.secret+'"]'),o=l.querySelectorAll('blockquote[data-secret="'+t.secret+'"]'),c=new RegExp("^https?:$","i"),i=0;i<o.length;i++)o[i].style.display="none";for(i=0;i<a.length;i++)s=a[i],e.source===s.contentWindow&&(s.removeAttribute("style"),"height"===t.message?(1e3<(r=parseInt(t.value,10))?r=1e3:~~r<200&&(r=200),s.height=r):"link"===t.message&&(r=new URL(s.getAttribute("src")),n=new URL(t.value),c.test(n.protocol))&&n.host===r.host&&l.activeElement===s&&(d.top.location.href=t.value))}},d.addEventListener("message",d.wp.receiveEmbedMessage,!1),l.addEventListener("DOMContentLoaded",function(){for(var e,t,s=l.querySelectorAll("iframe.wp-embedded-content"),r=0;r<s.length;r++)(t=(e=s[r]).getAttribute("data-secret"))||(t=Math.random().toString(36).substring(2,12),e.src+="#?secret="+t,e.setAttribute("data-secret",t)),e.contentWindow.postMessage({message:"ready",secret:t},"*")},!1)))}(window,document);
/* ]]> */
</script>

Professor Grégory WOIMBÉE, Doctor of History and Theology, has been appointed the new Rector of UCLy. He will take up his post on July 1, 2024.
